= -o**3 + 11*o**2 + 13*o + 18. Let d(m) = m**3 - m**2 - m - 3. Let j be d(3). Let b be t(j). What is the greatest common factor of 20 and b?
10
Let m be 40/6*54/12. Let g = -27 - -57. What is the greatest common divisor of m and g?
30
Let z = -57 + 61. Suppose 314 = 4*s + 4*k + 94, -3*s = z*k - 165. Suppose -4*a = -0*a - 44. Calculate the highest common divisor of a and s.
11
Let z(d) = -d**2 - 13*d - 7. Let u be z(-12). Suppose -x - 4*w = -7*w - 40, u*w = 4*x - 195. What is the highest common divisor of x and 11?
11
Let h be 5886/63 - 6/14. Calculate the highest common factor of 248 and h.
31
Let c be (-1389)/(-27) + 24/(-54). Suppose 95 = 5*f - 2*p, -15 = 3*p - 0*p. Calculate the highest common divisor of c and f.
17
Suppose 0 = -4*p + 2*x + 62, -3*p + p + 3*x = -33. Suppose 3*l = 3*i + 4 + 29, l - 3*i = p. What is the highest common divisor of 6 and l?
3
Let r be -4536*((-299)/26 - -10). Calculate the highest common factor of r and 126.
126
Suppose 0 = 3*v - 9 - 0. Suppose -2*w = -v*a + 281, -w = -5*w - 16. What is the greatest common divisor of a and 13?
13
Let h = 591 - -971. What is the highest common divisor of 22 and h?
22
Let q be (-59)/(-5) - (-4)/20. Suppose q = 4*g - g. Suppose 3*x = g*a + 39, 0*a - 4*a - 21 = -x. Calculate the greatest common divisor of x and 9.
9
Let k be 10/135 + 9712/108. What is the greatest common divisor of 162 and k?
18
Let l(g) = 5*g**2 - 57*g + 24. Let s be l(12). What is the highest common factor of 1020 and s?
60
Let z be (-557)/(-6) - (-5)/30. Calculate the highest common divisor of z and 403.
31
Suppose 4*u + u = 315. Let r be (-43)/(-5)*5 - 1. Calculate the highest common divisor of u and r.
21
Let f(y) = 7*y - 9. Let t be f(9). What is the highest common divisor of 18 and t?
18
Let m(c) = c - 16. Let b be m(8). Let n be 2 + b*(-1 + -3). Let x be n/8 + 7/(-28). Calculate the greatest common factor of 16 and x.
4
Suppose -1464 = -11*g + 230. Suppose 2*h = 6*h, 2*h = 2*x + 72. Let y = -22 - x. Calculate the highest common factor of y and g.
14
Suppose -3*s = -4 - 14. Let x = 11 + s. Let j be 2*x + -3 + 4. Calculate the highest common divisor of 14 and j.
7
Let c be (-196)/(-12) - (-1)/(-3). Let n = -230 + 234. What is the highest common factor of n and c?
4
Let a be -3*(-40)/36 - 1/3. Suppose -68 = a*f + 5*z - 352, 3*f - 4*z - 248 = 0. Calculate the highest common factor of f and 8.
8
Suppose 2*l + 16*l = 54. What is the greatest common divisor of l and 39?
3
Let p(b) = 3*b**2 - 11*b + 18. Let q be p(7). Let m = q - 52. Calculate the highest common factor of m and 9.
9
Let z(n) = -9*n + 6. Let p(w) = 2*w - 10. Let b be p(10). Let l be z(b). Let d be 88/14 - (-24)/l. What is the greatest common divisor of d and 18?
6
Suppose 30 = 2*a + 4*m, -11 = -a - m - 0*m. What is the highest common factor of a and 224?
7
Suppose -4*h = 0, -x - 3*h = x - 30. Suppose -t - x + 155 = 0. Calculate the greatest common divisor of 56 and t.
28
Suppose 0 = 13*n - 4*n - 1989. Calculate the highest common divisor of 13 and n.
13
Let m = -22 + 13. Suppose 56 = 7*c - 3*c. Let r = m + c. What is the highest common divisor of 20 and r?
5
Let z = -17 - -31. Let r = z - 0. Let y = -6957 - -6999. Calculate the greatest common divisor of y and r.
14
Let v(c) = -c - 10. Let z be v(-13). Suppose -t - 2 = -6. Suppose 2*u - 2*q + 8 = 0, -16 = -3*u - t*q + 7. What is the greatest common factor of z and u?
1
Suppose i = -3*i + 4. Let d = -901 - -908. Calculate the highest common factor of d and i.
1
Suppose -4*v + 3 = -5. Let z be (-204)/(-15) - v/(-5). Suppose -1610 = -6*i - 17*i. Calculate the highest common factor of z and i.
14
Let a(b) = -3*b**3 - 2*b**2 - b + 6. Let d be a(-2). What is the highest common factor of 216 and d?
24
Let t be 9/(4 - 7)*-2. Suppose -k + t = k. Suppose k*c = -c + 468. Calculate the highest common divisor of c and 13.
13
Let d be 531/13 + (-2)/(-13). Suppose -3*f = -7*f + h + d, -5*h = -2*f + 25. Let g = f - -32. What is the highest common divisor of 21 and g?
21
Let c = -58 - -67. Let d be 62/10 + 6/(-30). Let l = d + 0. Calculate the greatest common factor of l and c.
3
Let m(d) = d + 2. Let c be m(3). Suppose -c*a + 5 = -0*a. Let z be 14 + a + -10 + 8. Calculate the greatest common factor of z and 26.
13
Suppose 0 = -5*t - 4*i + 397, -2*t + 3*t - 75 = -3*i. What is the greatest common divisor of t and 9?
9
Let c(p) = p**2 + 8*p + 14. Let b be c(-8). Let y(f) = -f**3 + f**2 + f + 112. Let l be y(0). Calculate the highest common divisor of l and b.
14
Let l(z) = -z**2 - 12*z - 8. Let g be l(-11). Suppose j + 3*q = -q + 18, -5*j + 182 = -g*q. What is the greatest common factor of j and 85?
17
Suppose 5*p - k - 159 - 570 = 0, -3*p = 3*k - 441. What is the highest common factor of p and 511?
73
Suppose 2*i + 0*v + 3 = 5*v, i - 26 = -3*v. Suppose 5*u - 6*u = -i. Let r(n) = -n + 6. Let f be r(-5). What is the greatest common factor of f and u?
11
Let m be (7 + -13)/((-12)/364). Let h be -9*(-1 - (4 - 2)). Suppose 2*p = 25 + h. What is the highest common divisor of m and p?
26
Suppose 365 = 5*i + 5*l + 65, 0 = -3*i + 5*l + 164. Calculate the highest common factor of 2726 and i.
58
Let r be ((-812)/(-16))/((-1)/(-4)). Let x be r/21 + 4/(-6). What is the greatest common factor of 27 and x?
9
Suppose -2*s + 323 + 765 = 0. What is the greatest common divisor of 17 and s?
17
Let g = 50 + -6. Suppose -3*s = -u + g, -6*u = -u - s - 248. What is the greatest common divisor of 20 and u?
10
Let d = 470 + 609. What is the greatest common factor of 13 and d?
13
Let g be (-18)/171 - -77*(-6)/(-57). Calculate the highest common divisor of 512 and g.
8
Suppose -32 = 2*o - g, o - 4*g = 3 - 19. Let w = o + 28. What is the highest common divisor of w and 60?
12
Let q(h) = -h**3 - 12*h**2 + 29*h + 20. Let o be q(-14). Calculate the highest common divisor of 69 and o.
3
Let u = -129 - -102. Let d = u - -101. Calculate the highest common factor of d and 37.
37
Let u be 287/6 - 1/(-6). Suppose -2 = -0*t + t. Let f be (t - -6) + -2 + 4. What is the highest common factor of f and u?
6
Let h = -40 - -36. Let n be (-2)/(-3) + (560/(-15))/h. Let b(f) = -f**3 + 5*f**2 + f. Let m be b(5). What is the highest common divisor of m and n?
5
Let m = 195 + -52. Let p = -76 - -88. Suppose 3*t = -p, 10*h + 5*t = 11*h - 33. What is the greatest common factor of m and h?
13
Let x = -28 + 48. What is the highest common factor of 500 and x?
20
Let v(t) = -25*t**2 + t + 1. Let c be v(-1). Let f = c - -28. Suppose f = -a + 4*m - 12, m = 4*a. Calculate the highest common factor of a and 4.
1
Let n(p) = 15*p**2 + 18*p + 19. Let i be n(-4). What is the highest common factor of 11 and i?
11
Suppose -o + 3 = n - 1, -2*o = n - 4. Suppose -n*x + 106 - 1 = -5*v, 0 = -3*v + 9. What is the greatest common divisor of x and 15?
15
Let o = 269 + -261. What is the highest common factor of 248 and o?
8
Let b = -1861 + 1889. Let n(f) = 6*f**2 - f - 1. Let r be n(2). What is the highest common factor of b and r?
7
Suppose 6*o - 3*v - 20 = 2*o, 3*o = -2*v + 32. Let y be (204/119)/(6/441). Let g be y/27*(2 + 10). Calculate the highest common divisor of g and o.
8
Let w be -730*3/((-24)/20) + 0. Calculate the greatest common factor of w and 146.
73
Let l be (-2225)/(-13) - 2/13. Let w be ((-39)/(-78))/((1/38)/1). What is the greatest common factor of l and w?
19
Let p(f) = -3*f**3 - 3*f**2 + 3*f - 16. Suppose 2*s + 10*d - 5*d + 32 = 0, 0 = 4*s - d + 20. Let n be p(s). What is the highest common divisor of 46 and n?
46
Suppose -654 = -25*l + 1721. Calculate the highest common factor of 76 and l.
19
Suppose -10 = -5*n + 4*q, 3*n = n - 2*q + 4. Let p be (n/7)/(10/35). Calculate the greatest common factor of 8 and p.
1
Suppose -25 = -18*k + 17*k. Let r(o) = o**3 - 12*o**2 + 4*o - 46. Let h be r(13). What is the highest common divisor of h and k?
25
Suppose -m + 2*m = 3. Let f be 6*m*16/18. Let w be ((-5)/(-2))/(8/f). Calculate the highest common factor of 15 and w.
5
Let z = -190 - -335. What is the greatest common factor of 10 and z?
5
Let o(y) = 3*y**2 + 4*y - 2. Let q be o(6). Suppose -140 = -3740*v + 3726*v. What is the greatest common divisor of q and v?
10
Let o(h) = -h + 5. Let n be o(5). Suppose 3*k - 23 = 5*y, n = 3*k + 5*y + 9 - 52. Let s be 695/9 - 2/9. What is th